et f be y(v). Suppose 0 = -f*c - k + 4*k, -4*k = -3*c - 2. What is j(c)?
5
Suppose -124*s + 90 = -106*s. Let n be s + 4 + (-21)/3. Let i(h) = h**2 - h - 1. Determine i(n).
1
Suppose -3*g - 2*n = -4, 3*g + 3*n = -n - 4. Let t(y) = 4*y + 4*y - 2*y - g*y + 16 + y. What is t(-5)?
1
Suppose 2*t + 39 = 15*t. Let n(f) = 3 - t*f**2 + 7*f + 5*f - 12*f + f**3 - f. Suppose 5*d = d + 12. What is n(d)?
0
Let d = 65 + -64. Let v(x) be the first derivative of 9*x**2/2 + x + 62. Calculate v(d).
10
Let r = -1507 + 1510. Let f(h) = 2*h + 16. Give f(r).
22
Let f(p) be the third derivative of -5*p**4/24 - 17*p**3/6 - 4054*p**2. What is f(-8)?
23
Let l(f) = -f**2 + 116 + 113 - 469 + 123 + 113 + 2*f. Suppose -5*w = -3*w - 4. What is l(w)?
-4
Let h(c) = -2*c + 17. Let j be h(0). Suppose 4*a - j = -5. Let q(g) = -g + 2*g**2 - 7*g**2 + g**a + g - g + 3. Determine q(5).
-2
Let q(x) be the third derivative of -x**5/60 - x**4/6 + 5*x**3/6 - 2*x**2. Suppose -6*y + y - 170 = 0. Let j = y + 29. Give q(j).
0
Let w(y) = -5*y - 40. Let b(d) = -22*d + 212. Let u be b(10). Calculate w(u).
0
Let u(f) = -f**3 + 15*f**2 + 15*f - 14. Let n = 11645 - 11629. What is u(n)?
-30
Let h = 1410 - 1411. Let a(m) = -6*m**3 + m**2 - 3*m - 5. Determine a(h).
5
Let o(z) = z - 5. Let x(r) be the third derivative of -r**4/8 + 5*r**3/2 - 4*r**2. Let i(n) = 17*o(n) + 6*x(n). Let q be -15*9/(-15) - 3. Give i(q).
-1
Let y(k) = -k**2 + 9*k + 3. Let b be y(9). Let c(d) = 2 + d**b + 12132*d**2 - 4 - 12130*d**2. Determine c(-4).
-34
Let x(p) = 87*p**2 - 3*p + 2. Let s be (1/2)/((-174)/(-783)*(-9)/(-4)). Determine x(s).
86
Let s(o) = -3 - 1 + 6*o - 2*o - 3*o. Let y(r) = -r**3 + 42*r**2 + 4*r - 163. Let d be y(42). Determine s(d).
1
Let r(u) = 16*u**3 - 2*u**2 + 6*u + 7. Let p(h) = -h**3 - 19*h**2 + 43*h + 20. Let g be p(-21). Calculate r(g).
-17
Let f(o) = -5*o - 2. Let j be f(1). Let c(q) be the third derivative of 1/24*q**4 + 2/3*q**3 + 4*q**2 + 0*q + 0. Determine c(j).
-3
Let n(s) be the second derivative of -11*s**5/20 + s**3/6 - 16*s - 7469. Let b be (2/(-4))/(1/2). Give n(b).
10
Let j(l) = 3*l**3 - 4*l**2 + 2*l + 1. Let g(o) = 10*o**3 - 15*o**2 + 7*o + 4. Let r(i) = 2*g(i) - 7*j(i). Suppose -b = -16 + 19. Determine r(b).
10
Let r(o) be the second derivative of 0 + 7/2*o**2 + 1/3*o**3 + 102*o. Suppose 2*k - c + 9 = 0, 4*c = -k - 22 + 4. Determine r(k).
-5
Let x be (3/2)/(12/16). Let f(y) = -y**3 - 5*y**x + 8*y + 3 + 3 + 0 + 0. Give f(-6).
-6
Let a(b) = -80*b - 9 - 26*b + 110*b. Determine a(-6).
-33
Suppose -4 = -2*l + l, -2*a + 34 = 4*l. Suppose 0 = 5*n - 1 - a. Suppose n*u = 6*u + 12. Let h(o) = -3*o**2 - 3*o. What is h(u)?
-18
Let h(k) = -20*k + 3. Let m(j) = -21*j + 4. Let r(i) = -3*h(i) + 2*m(i). Let s(x) = 52*x - 3. Let a(f) = 17*r(f) - 6*s(f). Give a(-1).
7
Suppose 16*q = 18240 + 57712. Let b(x) = q - 4747 - x. Let g(m) = -m**3 - m**2 + 2*m - 4. Let o be g(-3). Give b(o).
-8
Let k(o) = -10*o + 8. Let r(z) = 114*z - 90. Let w(q) = -68*k(q) - 6*r(q). What is w(-1)?
0
Let n(t) be the second derivative of 4*t**2 - 1/24*t**4 + 0 + 4/3*t**3 + 6*t. Let i(b) be the first derivative of n(b). Calculate i(0).
8
Let d(w) be the third derivative of w**6/120 + w**5/15 + w**4/8 + w**3/6 - 2*w**2. Let u = -564 - -579. Let y be 75/u - 1*7. Calculate d(y).
3
Let l(w) = w**3 - 12*w**2 + 34*w - 54. Let m be l(9). Let x(c) = 2*c**3 - 19*c**2 + 11*c + 5. Calculate x(m).
23
Let d(q) be the third derivative of -5*q**4/12 + 33*q**3 + 2957*q**2. Determine d(20).
-2
Suppose -l - 16 = 2*l + c, -2 = -c. Let d(q) = q**3 - 2*q**2. Let t(f) = 5*f**3 - 12*f**2 - f - 1. Let m(i) = l*d(i) + t(i). Calculate m(0).
-1
Let f be 12/(-8)*-2 - 0. Let v(l) = 7*l**2 + 4*l + 11*l**3 + 12*l**3 + 5*l**3 - 27*l**f - 5. Suppose 1 = 2*s - 2*x + 21, -5*s - 5*x - 10 = 0. Calculate v(s).
7
Suppose -358 = -8*j - 126. Suppose 9 - j = -5*f. Let g be (-40)/7 + ((-52)/(-14) - f). Let d(w) = w**3 + 7*w**2 + 8*w + 8. Determine d(g).
-4
Let c(u) be the second derivative of -1/20*u**5 - 4 - 21*u + 1/2*u**4 + 1/2*u**2 - 7/6*u**3. Determine c(5).
-9
Let l(p) = -9*p + 195 - 3*p**2 + 38*p**2 - 55*p**2 - p**3. What is l(-19)?
5
Let b(z) = -2*z + 4. Let d = -746 + 1250. Let q = d + -498. Determine b(q).
-8
Let k be 177/(-6) - 3/(-2). Let x be (3*-1)/(42/k). Let a(p) = -p**2 + 3*p**x + p**2 - 3 - 3*p. Give a(3).
15
Let v(f) = f**2 + f + 2. Let t be v(6). Suppose g - 12*g = t. Let z(m) = m**3 + 5*m**2 + 3*m + 2. Determine z(g).
6
Let j be (-147)/(-525)*(110/(-24))/(-11). Let h(y) be the third derivative of -5/6*y**3 - 34*y**2 + 1/120*y**6 + 0 - j*y**5 + 7/24*y**4 + 0*y. Give h(6).
1
Let i(a) = -5*a**2 + 4*a + 203. Let q(g) = -g**2 + g + 41. Let f(r) = 2*i(r) - 11*q(r). Calculate f(-6).
9
Let g(s) be the third derivative of -40*s**2 - 1/6*s**3 - 1/60*s**5 + 2 + 0*s - 11/24*s**4. Determine g(-11).
-1
Let r(d) = 13*d**2 + 163 + 132 + 135 - 423 + 117*d. What is r(-9)?
7
Let n = -272 - -283. Let f(l) = 45*l - n + 20 - 47*l. Give f(8).
-7
Suppose 0 = 2*w + 2*y + 19 + 51, 0 = -3*w - y - 107. Let x = 4 - w. Let d = -38 + x. Let h(o) = -o**2 + 4*o + 1. What is h(d)?
5
Suppose -3 = 2*z + 1. Let v = z - 1. Let x(t) = 3*t**3 - 4*t**2 - 20*t - 1. Let s(j) = -j**3 + 2*j**2 + 8*j + 1. Let m(q) = 5*s(q) + 2*x(q). Give m(v).
-6
Suppose -210*n = -256*n + 5 - 143. Let q(d) = 14*d + 43. What is q(n)?
1
Let g(k) = -230 + 461 - 222 - 14*k + k**2. Calculate g(15).
24
Let w = -107 + 111. Let y(u) be the first derivative of u**3/3 - u**2/2 - 3*u + 20. What is y(w)?
9
Let k(y) = -y**2 + 11*y - 10. Let s(h) = h**2 - 10*h + 9. Let u(b) = -2*k(b) - 3*s(b). Let o be 2/((16/(-72))/((-6)/(-153)) - -6). What is u(o)?
5
Let c(r) = 0 + 9*r - 2 + 2. Let o(q) = q + 18. Let j be o(-15). Suppose 0 = -5*y - j*h - h - 2, 3*y - 3*h = -12. Give c(y).
-18
Let j(p) = 6 + 369 - 169 - 30*p. Give j(7).
-4
Let u be (-3)/(6 - 3)*(-6 + 2). Suppose -3*r = u*q - 7, -1 = 3*r + 5*q - 6. Let a(g) be the first derivative of -g**3/3 + 3*g**2 - 4*g + 7. Determine a(r).
1
Let o(v) = -v + 1. Suppose -9 = n + 3*r - 1, 2*r = 4*n - 10. Let m(w) = w**2 + w + 2. Let t(a) = n*m(a) - 2*o(a). Calculate t(-3).
0
Let z(p) = 395380*p - 197688*p + 4 - 197695*p. Suppose -5*i + 2*m + 495 = -3*m, -5*i + 495 = 4*m. Let y be i/(-21) + 2/(-7). Calculate z(y).
19
Let s be (-10)/(-40) + 1 + (185/(-60) - -2). Let d(j) be the third derivative of -s*j**3 + 0*j + 8*j**2 + 1/12*j**4 - 1/30*j**5 - 1/15*j**6 + 0. Determine d(1).
-9
Suppose 4*x - 12 = -2*o, 6*o - 6 = o - 2*x. Let u(c) = 4*c. Let v be u(o). Let l(k) = -k**3 + k**2 - k + 1. Give l(v).
1
Let f(j) = j**2 + j + 6. Let k be 12/16*1 + (-11)/4. Let z(c) = 5*c + 10. Let s be z(k). Determine f(s).
6
Suppose -16*g - 964 = -1076. Let a(n) = 507 + 2*n - 3*n - 1018 + 516. What is a(g)?
-2
Let z(f) = 7*f + 60. Suppose -177*y + 845 = 2438. Give z(y).
-3
Let n(o) = -o**3 + o + 4. Let v(l) = -7*l**3 + 6*l**2 + 6*l + 15. Let g(m) = -6*n(m) + v(m). Determine g(7).
-58
Let q(r) = 3*r - 4. Let t(y) = -y**2 - 2*y + 18. Suppose -15*s + 5 = -16*s. Let f be t(s). Calculate q(f).
5
Suppose -q - 4*k = 41, -q + 3*q + 2*k = -112. Let j = -66 - q. Let f(z) = -7*z + 5. Give f(j).
40
Let u(g) be the third derivative of -g**4/12 + g**3 - 6*g**2 + 113*g. Let v = -1 + 3. Let n be (-1)/(-1) - (-1 - v). Calculate u(n).
-2
Let z(o) = 7 + 13*o - 5 + 10*o - 22*o. Let w = 489 + -495. Give z(w).
-4
Let x(d) be the second derivative of d**4/12 + d**3/6 - d**2/2 + 9*d + 6. Let u(y) = y**2 - y + 4. Let v(t) = -u(t) + 2*x(t). Give v(-3).
-6
Let c(y) = -y**2 + 50*y - 427. Let v be c(11). Let z(o) = 3*o**3 - 5*o**2 + 4*o - 4. Determine z(v).
8
Let a(r) = -5*r + 123. Let z be a(24). Let f(p) = -4*p + 4*p**2 + 0*p**2 + 12*p - 2*p - z*p**2 + 3. Calculate f(-5).
-2
Let q(m) = -m**2 + 21*m - 66. Let r be q(17). Let y(d) = -5*d - 16*d**r + 4 + 38*d**2 - 17*d**2 - 6*d**2. Determine y(-6).
-2
Let x(k) be the third derivative of k**6/120 + 3*k**5/20 + 3*k**4/8 + 4*k**3/3 - 2*k**2 + 75. Let o be (-258)/33 - (-2)/(-33)*3. What is x(o)?
0
Let m = -91 - -153. Let r be (469/14)/((-2)/(-4)). Let b = m - r. Let z(p) = p - 1. Calculate z(b).
-6
Let p(b) = -5 - 48*b**2 + 9*b - b**3 + 13*b**2 + 41*b**2. Suppose -l - 1 + 8 = 0. Determine p(l).
9
Let u(y) be the third derivative of -y**5/20 - y**4/12 - 44*y**3/3 - 95*y**2. Let x(t) be the first der